e 3*c + 2 = 4*c. Let v be 48/(-18) + (-2)/(-3). Let p = c - v. List the prime factors of p.
2
Suppose -4*f + 54 = s + 15, -4*s + 120 = 4*f. Suppose -s = l - 4*l. What are the prime factors of l?
3
Let m = 1406 + -832. What are the prime factors of m?
2, 7, 41
Suppose -y + 10 = -133. Suppose -2*l = 5*r - 39, -6*r - y = -4*l - 3*r. Let d = l + -8. List the prime factors of d.
2, 3
Let b(h) = 2*h**3 - 3*h**2 - 3*h + 1. Suppose 0 = 2*d + 3*i + 6, 0 = -3*d - 2*i - 0 + 1. What are the prime factors of b(d)?
19
Let p(r) = 3*r + 6*r - 7*r - 14. Let f be p(9). Suppose 27 = f*j + 7. What are the prime factors of j?
5
Let v be (-4 + -2)/6*0/(-1). Suppose p + 1 - 11 = v. List the prime factors of p.
2, 5
Let g(u) = u**3 + u - 2. Let d be g(0). Let t be (1 - (-63)/d)*2. Let s = t - -88. What are the prime factors of s?
3
Let u(p) = -7*p + 3*p - 6*p**2 + 3 - 4*p**3 + 3*p**3 + 0. Let w be u(-4). Let b = 23 + w. List the prime factors of b.
2, 5
Let l = -47 + 95. Suppose c + 11 = 5*v + 49, -3*v - l = -2*c. What are the prime factors of c?
2, 3
List the prime factors of -6 + (-3 - -1)*-641.
2, 11, 29
Suppose 6*p - 4 = 2*d + 4*p, -2*d - 2*p + 16 = 0. Suppose d*z + 56 = 5*z + 3*k, -z + 28 = 3*k. What are the prime factors of z?
2, 7
Suppose -2*z + 2*t = -z - 9, -4*z - t = -9. Suppose -j = 5*c + z*j - 448, -2*j = -5*c + 466. List the prime factors of c.
2, 23
Let a(k) be the second derivative of -7*k**3/3 - k**2/2 + 2*k. What are the prime factors of a(-3)?
41
Let c = 161 - 133. What are the prime factors of c?
2, 7
Suppose 0 = -3*q - 4*t - 4 - 9, -q = t + 3. Let y(c) = 32*c**3 - c**2 - 3*c + 3. What are the prime factors of y(q)?
31
Let o = 530 - -897. List the prime factors of o.
1427
What are the prime factors of -8 + 5 + 1385 + 3?
5, 277
Let z(i) be the first derivative of i**3/3 - 15*i**2/2 + 2*i - 2. Let a be (-3 - (3 - 6)) + 16. What are the prime factors of z(a)?
2, 3
Suppose -4*g - o + 4 = 3*o, 1 = -3*g - 4*o. Suppose -g*n + 1040 = 5*y, 3*n + 6 + 186 = y. What are the prime factors of y?
2, 3, 17
Let m = 42 - 41. Suppose 0 = -p + 130 - m. List the prime factors of p.
3, 43
Let r = 6 - 22. Let w = 18 + r. Let z = w - 0. What are the prime factors of z?
2
Let u(z) = 109*z + 2725. What are the prime factors of u(0)?
5, 109
Suppose -119 = -9*x + 2113. What are the prime factors of x?
2, 31
Suppose b - 198 = 103. List the prime factors of b.
7, 43
Suppose 2*j - 415 = 7*a - 4*a, 5*a - 201 = -j. What are the prime factors of j?
2, 103
Let q be 8/(-20) - (-712)/(-20). Let o = q - -38. List the prime factors of o.
2
Let u = 2119 - 1229. List the prime factors of u.
2, 5, 89
Let u = 0 - 173. Let k = -104 - u. List the prime factors of k.
3, 23
What are the prime factors of 12/(-24) - 2329/(-2)?
2, 3, 97
Let w = 6 + 0. Suppose 4*d + w - 18 = 0. Suppose 2*j + d*j - 135 = 0. List the prime factors of j.
3
Suppose -5*q - 27 = 43. Let x(j) = j**3 - 21 + 3 - 2*j + 7*j**2 + 7*j**2. What are the prime factors of x(q)?
2, 5
Let o = -2477 + 4336. List the prime factors of o.
11, 13
Suppose -25 = -5*g - 5. Suppose 0 = g*p + 8, -2*d = d - 3*p - 69. What are the prime factors of (-280)/d*(1 - 4)?
2, 5
Let i be 4*2/((-32)/(-20)). Suppose i*l - 33 = 237. List the prime factors of -3 + -1 + l + -3.
47
Let p(o) = 7*o**2 + 4*o + 56. What are the prime factors of p(-7)?
7, 53
Suppose 4*r = 5*r - w, 0 = w. Let g(k) be the second derivative of -k**5/20 + k**4/12 + 26*k**2 + 4*k. List the prime factors of g(r).
2, 13
Suppose -17 + 57 = 4*o. Let h = -12 + o. List the prime factors of (((-16)/h)/1)/2.
2
Suppose -29 - 7 = 3*f. Let q(d) = -d**2 - 15*d - 1. Let g be q(f). Suppose 2*k = g + 117. List the prime factors of k.
2, 19
Let i(b) = 167*b**3 - 11*b**2 + 19*b + 3. What are the prime factors of i(2)?
31, 43
What are the prime factors of (7/(-2))/(122/124 - 1)?
7, 31
Let d be -3 + 1 + 16/4. Suppose -2*n - 5 = -d*j + 15, 2*n + 31 = 3*j. What are the prime factors of j?
11
Let h(f) = f - 1. Let q be h(13). What are the prime factors of ((-3)/(-2))/((-9)/q) + 143?
3, 47
What are the prime factors of 9 - (8 - (2021 - 4))?
2, 1009
Suppose 0 = 6*n + 167 - 5399. List the prime factors of n.
2, 109
Let s(o) = -5*o**3 - 1. Let y be s(-2). Let d = -34 + y. List the prime factors of d.
5
List the prime factors of 97920/26 - (-7)/(455/(-10)).
2, 7, 269
Suppose 0*q + 152 = 4*q. Suppose 0 = d - 19 - q. Let x = 96 - d. List the prime factors of x.
3, 13
Let y = 60 - 119. Let g = -45 - y. What are the prime factors of g?
2, 7
Let k(h) be the third derivative of -143*h**4/24 - h**3/6 - 50*h**2. List the prime factors of k(-1).
2, 71
Suppose 5*n = 3*l - 1647 + 93, -4*l + 2*n = -2058. What are the prime factors of l?
3, 19
Suppose p + 980 = -4*p. Let t = -88 - p. What are the prime factors of t?
2, 3
Suppose 3 = 4*z + j - 15, 5*j = -2*z. Suppose z*k - 162 - 568 = 0. List the prime factors of k.
2, 73
Let s = 2141 - 1207. List the prime factors of s.
2, 467
Let y = -7 - -7. Suppose 0 = -3*s - 5*m + 351 + 249, y = s + 3*m - 200. What are the prime factors of s?
2, 5
Suppose -9*n + 7*n = -360. Suppose -7*d = -6*d + n. List the prime factors of 4/(-30) + (-2544)/d.
2, 7
Let t = 191 + 8. List the prime factors of t.
199
Suppose 6*l - 4*i - 2450 = 0, -4*l + l + 4*i + 1235 = 0. List the prime factors of l.
3, 5
Let p = 977 + 864. List the prime factors of p.
7, 263
Let i(o) = -76*o - 1. Let g be i(-1). Suppose -22*z - 104 = -26*z. Let c = g - z. What are the prime factors of c?
7
Suppose n - 4 - 14 = 4*x, -3*x = 3*n + 21. Let k(r) = 21*r**2 - 3. List the prime factors of k(n).
3
What are the prime factors of (1672/66)/(8/102)?
17, 19
Suppose 3 = 4*g + 23, g = y - 24. Let s = y + -12. Suppose 17 = 2*k - 5*z, -2*k + s = 3*z - 2. List the prime factors of k.
2, 3
Let i(l) = -7*l - 1. Let c be i(-1). Suppose -16 = -2*p - c. Suppose -5*x - 2*s = -5 - 12, p*s + 20 = 0. List the prime factors of x.
5
Suppose 6798 = f + 5*f. What are the prime factors of f?
11, 103
Suppose -o = d - 4*d + 305, 0 = -5*d - 3*o + 527. Let c = d + 38. What are the prime factors of c?
3, 47
Suppose -142 - 254 = 11*o. List the prime factors of 6/(-27) - 4688/o.
2, 5, 13
Let j(l) = -l - 1. Let n(r) = 6*r + 13. Let v(d) = -4*j(d) - n(d). Let c be v(-8). Let q(b) = -b**2 + 7*b + 10. What are the prime factors of q(c)?
2, 5
Let h(y) be the second derivative of 0 + 2/3*y**3 - 1/3*y**4 + 5*y - 1/20*y**5 + 7/2*y**2. What are the prime factors of h(-5)?
2, 3
Suppose 0 = 4*p + 2*q - 878, 2*p + 5*q + 469 = 4*p. Suppose -367 = -5*g + 4*y, p = 5*g + y - 130. What are the prime factors of g?
71
Let l(q) be the first derivative of -q**3/3 - 5*q**2 - 13*q + 5. List the prime factors of l(-8).
3
Let r be 1/3 + 10/(-30). Suppose r*a + a - 2*s = -429, -3*a - 1290 = -5*s. What are the prime factors of ((-24)/30)/(6/a)?
2, 29
Let h(u) = -4*u**3 - 4*u**2 - 7*u - 10. Let y be h(-4). Let v = y + -98. What are the prime factors of v?
2, 7
Let g(b) = 23*b + 29. Let n(v) = 11*v + 14. Let j(s) = 3*g(s) - 7*n(s). What are the prime factors of j(-9)?
61
Let a(x) = 2*x**2 + 18*x - 4. Let g be a(-13). Suppose 0*o = -2*o + g. What are the prime factors of o?
2, 5
Let x be ((-60)/(-15))/(3 + 1). List the prime factors of (-9 - -16) + -1 + x.
7
Let g(u) be the first derivative of u**4/4 - 7*u**3/3 - 7*u**2/2 + u - 5. Let c be g(8). What are the prime factors of (3/c)/(4/396)?
3, 11
Let n = 676 - 382. List the prime factors of n.
2, 3, 7
Let s = -51 + 34. Let a = -15 - s. Suppose -5*v + 3*p + 54 = 0, -v - 4*p + a = -18. What are the prime factors of v?
2, 3
Suppose 4023 = 4*f + 255. What are the prime factors of f?
2, 3, 157
Suppose 0 = -0*g - g. Suppose -2*r + r + 5 = g. Suppose -7 = -i - 3*t + r, 0 = -4*i - 3*t + 93. List the prime factors of i.
3
Let n(z) = 43*z**3 + 6*z**2 + 15*z - 79. List the prime factors of n(4).
3, 23, 41
Let f = -12 - -212. List the prime factors of f.
2, 5
Let t(l) = -8*l - 3. Let p be t(-7). Let m = -12 + p. Let v = -21 + m. List the prime factors of v.
2, 5
Let r = -1681 + 4089. What are the prime factors of r?
2, 7, 43
Let u(g) = g + 1. Let n be u(3). Suppose -3*k = -4*y - 32, 5*y = -n*k + 2*k + 6. Let i = k + 2. What are the prime factors of i?
2, 5
Let h(o) = -o**3 + 7*o**2 + 2*o - 7. Let f(t) = t**2 - 4*t. Let b be f(4). Suppose -21 = -3*u